of o?
7, 293
Let y = -37 + 34. Let c = y + 12. What are the prime factors of (2 - c)/(5 - 6)?
7
Suppose 0 = 3*n + 4*q - 151905, -5*q - 172095 = -3*n - 20109. List the prime factors of n.
50647
Suppose -24*d = 6*d. Suppose 101*p - 107*p + 5676 = d. What are the prime factors of p?
2, 11, 43
What are the prime factors of 17/(51/18930)*15/25?
2, 3, 631
Suppose -2*s - 149 = 3*r, 3*s - 103 = -4*r - 325. Suppose -1890 = -7*a - 7*a. Let d = a + s. List the prime factors of d.
5, 13
Let f(u) = 115*u - 125. Let i = -199 + 204. What are the prime factors of f(i)?
2, 3, 5
Suppose -5*a + 48 = 7*a. Suppose -3*l = 4*h - 766, -a*l + 1015 = -13*h + 12*h. What are the prime factors of l?
2, 127
Suppose -2*p = -5*k + 40, 4*p - 3*k = -k - 112. Let r = p + 33. Suppose 0*w + 613 = 4*h - w, -2*w = -r*h + 456. What are the prime factors of h?
2, 7, 11
Suppose 761*x - 67192 = 757*x + 3*h, 2*x - h - 33596 = 0. List the prime factors of x.
2, 37, 227
Let l(t) = 11*t + 10*t + 3 + 2*t - 16*t. Let o be l(1). List the prime factors of (-1)/(-2)*720/o.
2, 3
Let p be (-3 + 5)*(-1 + 0). Let t be (p/2)/((-10)/210). Suppose -164 = 17*v - t*v. List the prime factors of v.
41
Suppose -179*j + 178*j + 10980 = -4*t, 7*j - t - 76671 = 0. List the prime factors of j.
2, 37
Let s = -386 + 396. List the prime factors of (s - (-190)/(-20))/((-1)/(-614)).
307
Let w(m) = 1021*m**2 + 83*m + 362. What are the prime factors of w(-9)?
2, 13, 1583
Suppose -178*g + 740203 - 202287 = 0. What are the prime factors of g?
2, 1511
Let i be 28/(-35)*(-5 + 0). Suppose 7 - i = g. Suppose 2*a = -0*a - 6, g*a = -5*t + 366. List the prime factors of t.
3, 5
Let y(g) = -10*g**3 + 7*g**2 + 28*g + 385. What are the prime factors of y(-11)?
2, 11, 647
Let v be 2359*(4/16 - 18/(-24)). Let i = v - 1176. What are the prime factors of i?
7, 13
Let n = 1963 - -12292. List the prime factors of n.
5, 2851
Let k(s) = s**3 + 13*s**2 - 10*s - 1. Let q = 82 - 83. Let v be (-299)/(-46)*(q - 1). List the prime factors of k(v).
3, 43
Suppose 4*u + 2*t + 6 = -8, 0 = -5*u - 4*t - 25. Let m(j) = -125*j - 8. Let o be m(u). Let h = -85 + o. List the prime factors of h.
2
List the prime factors of (-196892)/(-4) - (-546)/42.
2, 3, 11, 373
Let l be 3/(-2 + -1) + 6. Suppose 0 = 8*j - l*j - 6. What are the prime factors of j?
2
What are the prime factors of 2/(-9)*27/(-4)*45910 - 7?
2, 34429
Let f(l) = -l**3 + 8*l**2 + l - 14. Let p be (-1204)/(-154) + 4/22. Let d be f(p). Let c(t) = t**3 + 5*t**2 - 14*t - 3. What are the prime factors of c(d)?
3, 5
Let a = 127881 + -89452. List the prime factors of a.
83, 463
Suppose -110 = -6*w - 16*w. Suppose n - w*y - 236 = 338, 0 = 5*n + 3*y - 2814. List the prime factors of n.
2, 3, 47
Suppose -5*b = r + 2*r + 3122, -6*b - 6 = 0. Let o = 2175 + r. What are the prime factors of o?
2, 71
Suppose -2*z - 213 = -j, 0 = 4*j - j - 8*z - 633. What are the prime factors of j?
3, 73
Let m(u) = 553*u - 1044. List the prime factors of m(28).
2, 5, 19
Let q(v) = 69*v - 72. Let x be -3*(-4)/(-3)*-2. List the prime factors of q(x).
2, 3, 5
Let a = -29 + 41. List the prime factors of (-5465)/(-25) - a/(-30).
3, 73
Let d(f) = 210*f**3 + 5*f**2 - 24*f. What are the prime factors of d(5)?
5, 59, 89
Suppose -3*z = 9, 2*v - 101*z = -102*z + 50785. List the prime factors of v.
2, 12697
Suppose -2*b - 19 = -3*c, 0*b + 2 = -b. Suppose -c*x - 957 = -8*x. List the prime factors of x.
11, 29
Suppose -97*o = 410032 - 1469175. List the prime factors of o.
61, 179
Suppose 8*g = 5*q + 10*g - 102028, -4*q = 5*g - 81636. What are the prime factors of q?
2, 5101
Suppose 158*u = -5*u + 28149 + 94590. List the prime factors of u.
3, 251
Let a(w) = -369*w - 231. What are the prime factors of a(-7)?
2, 3, 7
Let u be 4*(3 - 2) + -4. Suppose 0 = -6*k - u*k + 66. What are the prime factors of 1443/11 + 31/k + -3?
131
List the prime factors of -6*2/(-18)*(1 + (-114014)/(-4)).
31, 613
Suppose -2*u + 64 = 4*l, 0 = l - 3*u - 2. Let o be 4/l - (-120)/70. Suppose -58 = -o*x - 0*x. What are the prime factors of x?
29
Let w(f) = 2*f + 17. Let b be w(11). Suppose 49*g - b*g - 3590 = 0. List the prime factors of g.
359
Let u = -203 + 211. Let z = 207 + u. What are the prime factors of z?
5, 43
Suppose 55*f - 357749 = 19*f + 503047. What are the prime factors of f?
23911
Suppose -5*h + 160 = -f, -5*f = 2*h - 26 - 38. Let g(c) = h*c**2 + 25 + 2*c - 28 - c - 2*c**2. List the prime factors of g(2).
7, 17
Let c = 53 - 43. Suppose -13*d - 1121 - c = 0. Let p = 28 - d. List the prime factors of p.
5, 23
Suppose -203350 = -17*z - 32279. Suppose -20*a + z = 9*a. List the prime factors of a.
347
Suppose 2*q + 4*z = 55 + 75, 2*z - 301 = -5*q. Suppose q*v + 30 = 61*v. List the prime factors of (-2)/5 - 1*(-1086)/v.
2, 3
Let b(c) be the first derivative of -19*c**4/24 + c**3 - 12*c**2 - 10. Let f(l) be the second derivative of b(l). List the prime factors of f(-6).
2, 3, 5
Let u(r) = -1363*r**3 + 5*r**2 - 10*r - 48. What are the prime factors of u(-3)?
2, 3, 11, 31
What are the prime factors of -1 + -12 + 79200/12?
7, 941
List the prime factors of (-12300)/(-120)*(-704)/(-5).
2, 11, 41
Suppose -2*n - 28564 = 62*b - 63*b, 2*n = -4*b + 114176. What are the prime factors of b?
2, 3, 13, 61
Let h = -33 - 40. Let f = h + 66. Let w(s) = s**2 - 5*s - 9. What are the prime factors of w(f)?
3, 5
Suppose -83152 = -4*q + 1184*y - 1182*y, -q = -2*y - 20785. What are the prime factors of q?
20789
List the prime factors of 58890/(-260)*(-200)/6.
2, 5, 151
Suppose 3*d + d + 2 = 2*h, 8 = -h - d. Let l be 12439/35 - (-2)/h. Suppose -3*b + 4*q + l = 0, 4*b - 3*q + 0*q = 485. What are the prime factors of b?
5
Suppose -4*l - 14*s = -16*s + 1216, -4*l - 3*s = 1236. Let p = l - -511. What are the prime factors of p?
5, 41
Suppose 12794 = 3*k + l, -10416 = -2*k - 5*l - 1878. List the prime factors of k.
2, 13, 41
Suppose 6*y = 2*y + 2*v - 24, -2*y + 2*v - 12 = 0. Let z(p) = 4*p + 34. Let k be z(y). Suppose -u + 3*u = k, -x + 2*u = -109. List the prime factors of x.
7, 17
Let k(r) = -2*r**2 + 10*r + 7. Let d be k(7). Let m be -1 - 1/(3/d). Suppose -m*x + 546 = -90. List the prime factors of x.
2, 53
Let w(j) = -j**3 + j**2 + 31. Let t be w(0). Let d = t - 25. List the prime factors of -2*d/(-28) - (-243)/21.
2, 3
Suppose 231*d - 3831501 - 2424903 = 0. List the prime factors of d.
2, 3, 37, 61
Let o(i) = 34*i + 47. Suppose 6*m + 3*z - 122 = m, 5*m + z = 114. List the prime factors of o(m).
3, 5, 53
Suppose -68*r + 140348 = -126892. List the prime factors of r.
2, 3, 5, 131
Suppose p - 3*f - f = 10, -f = -p - 5. Let t(x) = -57*x - 162. Let y be t(38). What are the prime factors of y/(-40) + 2/p?
2, 29
Let t(r) = -r**3 + 3*r**2 + 5*r + 7. Let o be t(-4). Let v = -42 + o. Suppose -3*p = -a - 23, v = 5*p + 5*a - 2*a. What are the prime factors of p?
3
Let m be (10/15)/((-6)/270*-5). Suppose -512 = -m*o + 724. List the prime factors of o.
2, 103
What are the prime factors of ((-21446)/(-16))/(15/600)?
5, 10723
Let h be 36/12 - (-3 + -3). Suppose -h*n + 2698 = 322. What are the prime factors of n?
2, 3, 11
Let d(x) = x**2 - 3*x - 6. Let u = -3 + 11. Let g be d(u). Suppose -g = p - 2*p. List the prime factors of p.
2, 17
Suppose -31*f = -2*f - 46806. Let h = f + -1073. List the prime factors of h.
541
Suppose -y - 9*z + 8*z + 1 = 0, -y = -z + 9. Let d(a) = -2*a - 3*a - 2 - 4*a**2 + 0*a**3 - 5 - 3*a**3. What are the prime factors of d(y)?
3, 47
Let k be -1*-4*(-1)/(-2). Let f(a) = -3*a**2 + 86*a + 201. Let o be f(31). List the prime factors of k*o/12*-6.
2
Suppose 2803 = -4*f + 38619. Suppose 0*o = -o - 3*v - 2242, -5*v - f = 4*o. What are the prime factors of -7*(-14)/343 + o/(-14)?
2, 5
Let r = 1234 - 3022. Let v = -1203 - r. List the prime factors of v.
3, 5, 13
Let j(r) = 4*r**3 + 119*r**2 + 32*r - 177. What are the prime factors of j(-27)?
2, 3, 1163
List the prime factors of 6*(-18)/12 - 11008/(-2).
5, 7, 157
Let x = 3 + 0. Suppose 0 = 7*r - 9*r + 20. Let v = x + r. List the prime factors of v.
13
Let n = 24363 + -9115. What are the prime factors of n?
2, 953
Let h be ((-2)/5)/((45/(-5))/32715). Suppose -5*q + 15 = -5, 4*q = 2*n - h. What are the prime factors of n?
3, 5, 7
Suppose 4*v + 2*d = 92, -d = -3*v + 2*v + 20. Suppose n + v = -3*k + 4, -3*k = -n - 12. What are the pr